atest common divisor of v and x?
44
Let m(j) = -2*j**3 + 38*j**2 + 5*j - 89. Let t be m(19). Suppose -t*s - 4*p + 3933 = -3*s, -p - 5244 = -4*s. What is the highest common divisor of 57 and s?
57
Let n(v) = 8*v - 2. Let t be n(2). What is the greatest common divisor of t and 623?
7
Suppose -32*p + 0*p = 7648. Let h = p + 415. What is the highest common divisor of h and 2?
2
Let o be ((-39)/(-26))/((-3)/28). Let i(h) = h**2 + 13*h + 7. Let y be i(o). Suppose 2*l = y + 7. Calculate the greatest common factor of 7 and l.
7
Suppose 0 = -5*a + 168*f - 171*f + 627, -27 = -3*f. What is the highest common divisor of 8208 and a?
24
Let f(y) = 203*y**2 + y - 4. Let u be f(2). Suppose -54*r = -81*r + u. Calculate the greatest common divisor of 345 and r.
15
Let r be 183/(-114) + (-138)/(-1311) + 1155/2. Calculate the greatest common factor of 10656 and r.
288
Let i = -18876 - -30059. What is the highest common factor of i and 53?
53
Let o be 2*(0 - 2) - (-8968)/19. Let g be (-65)/(-15)*(14 - 2). What is the greatest common factor of g and o?
52
Suppose 3*b + 5678 = -5*g + 13272, -12 = -4*b. What is the greatest common divisor of g and 37?
37
Let q(l) = -l**3 - 4*l**2 + 24*l + 4. Let i be q(-9). Suppose i = 4*v - 3*c + 55, v = 5*c + 43. Calculate the greatest common divisor of 132 and v.
33
Suppose 975 = 38*k - 139 - 1014. Calculate the highest common divisor of 3052 and k.
28
Suppose 3*s = 3*o + 47 + 37, -7*s = -5*o - 188. What is the greatest common divisor of s and 5664?
24
Let z(p) = 9*p**3 - 12*p**2 + 132*p - 829. Let r be z(6). Calculate the highest common divisor of r and 100.
25
Let c(q) = 3*q**2 - 22*q + 76. Let w be c(4). Calculate the highest common factor of 2604 and w.
12
Let i = 2245 + 2300. Calculate the highest common factor of i and 9.
9
Let l(d) = 3*d - d + 2 - 7 - 34 + 3*d. Let t be l(15). Calculate the greatest common factor of 396 and t.
36
Suppose -5*b = -240 - 270. Let x = b - 91. What is the greatest common factor of x and 1?
1
Let h = 13532 - 6657. What is the highest common divisor of 165 and h?
55
Let b be 16/276*(-9)/6 + (-5990)/(-115). Calculate the highest common divisor of b and 2483.
13
Let p be -1 - 0/(-2) - 808/(-8). Let w be ((-46)/4)/((-10)/p). Calculate the highest common divisor of w and 10.
5
Suppose 108*u + 22*u - 1661400 = -83*u. What is the greatest common divisor of 240 and u?
120
Suppose 0 = 2*z - 3*u - 129, -2*u = -3*z + 3*u + 192. Let n = z + -65. Let q(h) = 4*h - 5. Let j be q(n). Calculate the highest common divisor of 11 and j.
11
Let s be ((-3)/15 + -1)/(8/(-20)). Suppose 0 = -4*c - 12, s*j + c - 732 = 5*c. Calculate the highest common divisor of 20 and j.
20
Let p be (-2 - (-1032)/(-7))*350/(-50)*3. Calculate the highest common factor of p and 24.
6
Let u = -475 - -664. Suppose y + 3*f - u = 0, 345 = 2*y + 27*f - 32*f. What is the greatest common divisor of 60 and y?
60
Let z(r) = r**3 + 14*r**2 + 16*r + 52. Let o be z(-13). Let g(p) = 10*p - 65. Let t be g(o). What is the highest common factor of 13 and t?
13
Let h = 305 + -187. Let t = h - 4. What is the greatest common factor of t and 95?
19
Let r(s) = s**3 - 3*s**2 + 4*s + 1. Let i be r(5). Let w be -71*(7 - 12*4/6). Calculate the highest common divisor of w and i.
71
Let a = -34 - -28. Let s(h) = -3*h - 23. Let y be s(a). Let d be (y - -6 - 4) + 12 + -1. What is the highest common factor of d and 4?
4
Let u be (21 + 226)/(-13) - -12227. What is the highest common divisor of 224 and u?
112
Suppose 917*d - 1872 = 913*d + 4*z, -d = 4*z - 438. What is the highest common divisor of d and 1925?
77
Let v(n) = n**3 + 15*n**2 - 25*n - 12. Let t be v(-16). Let m be (t/(-14))/((-123)/574). Calculate the greatest common factor of m and 99.
11
Let d be (1/4)/((-6)/(-312))*(-6 + 9). Let y be 18/4*(-6 - 0). Let a = y + d. Calculate the greatest common factor of a and 6.
6
Let r be 27/(-2)*20/(-6). Let l = -324 - -323. Let z be (l/2)/((-31)/310). Calculate the highest common factor of z and r.
5
Suppose -2*m = 2*l - 48, 0 = -l - 3*m + 13 + 1. Suppose 3*w + l = a, 4*a - 2*w - 28 - 78 = 0. Calculate the highest common divisor of 78 and a.
26
Suppose 5*h - 12021 + 10836 = 0. What is the greatest common factor of h and 9?
3
Let w = -5 + 54. Let k = 15 + -10. Suppose 0 = 5*z + q - 40, -z - 4*q + 2 = -k*q. What is the greatest common factor of w and z?
7
Let r be 17/(918/(-36)) + (-10408)/(-6). What is the greatest common divisor of 204 and r?
102
Suppose -44*k - 2705 = -3069 - 5400. Calculate the highest common divisor of 14279 and k.
131
Suppose -a + 5 = 2*v - 20, -a - 3*v = -29. Let j be (-1)/(-4) + (-23758)/56. Let p = -237 - j. Calculate the greatest common factor of p and a.
17
Let r(s) = -87*s - 21. Let y(c) = c**2 - 9*c - 25. Let u be y(11). Let l be r(u). Calculate the highest common factor of 24 and l.
24
Suppose 15*n - 4 = 26. Suppose 2*c + 16 = -2*c. Let x be (n - -150) + (-2 - c). Calculate the highest common factor of x and 11.
11
Let l = 3464 - -5731. What is the highest common divisor of l and 15?
15
Let w be (454 - -7 - -5)*6. What is the highest common factor of w and 60?
12
Let s be (-4)/(-6) - (-2570)/15. Let d = s + -119. Let q = d - -17. What is the highest common divisor of q and 14?
14
Let p = -3949 - -4729. Calculate the greatest common factor of p and 60.
60
Suppose 3*y - 343 = -j, -466 = -4*y - 5*j + 8*j. Suppose -y = -4*v + 25. Calculate the highest common factor of v and 595.
35
Suppose -4*j = -z - 190, j - 2*z - 36 = 8. Let s be ((-55)/(-429)*13)/((-10)/(-36)). Calculate the greatest common factor of s and j.
6
Suppose -18 = -2*r - 2*t, 0 = 4*r - 2*t + 4*t - 34. Suppose -11*s - 785 + 829 = 0. Calculate the highest common factor of r and s.
4
Suppose -3*n - 39 + 99 = 0. What is the greatest common divisor of n and 275?
5
Suppose -q + 15 = -5*g + 7*g, 5*q = 25. Suppose -4*y + 89 - 7 = 5*z, 82 = g*y - 4*z. Calculate the highest common divisor of y and 342.
18
Suppose i - 12 = -3*i, -4*s + 3*i = -379. Suppose 3*w = 2*y - 24 + s, 0 = w + 2*y - 11. What is the greatest common divisor of 546 and w?
21
Suppose 788 = 42*p + 200. What is the greatest common divisor of p and 1498?
14
Let i(k) = 219*k + 661. Let w be i(-3). What is the highest common factor of w and 7884?
4
Suppose 4*z - 22 = 4*u - 298, -2*z + 258 = 4*u. What is the greatest common factor of u and 240?
6
Suppose -5*n + n = -76. Suppose 450 = n*u + 11*u. What is the greatest common divisor of 105 and u?
15
Let r be (18/(-10))/(5/((-100)/3)). Let p be -39*((-1 - r) + 8). What is the greatest common divisor of 78 and p?
39
Let r = 34 - 34. Suppose -2 = 4*s + o - 6*o, r = -s - o + 4. Suppose -2*f + 199 = -s*m + 3*m, -4*f - m = -397. Calculate the greatest common divisor of 9 and f.
9
Let b(i) = -19*i**2 - 15*i**2 - 7*i - 17*i**2 - 11 + 52*i**2. Let p be b(11). Calculate the greatest common divisor of 924 and p.
33
Let w(l) = -16*l**3 - 4*l**2 + 17*l**3 + 16 + 11*l - 24*l + 12*l**2. Let n be w(-8). Let v be (-122)/(-8) - 2/8. What is the highest common factor of n and v?
15
Let t = -124 - -334. Calculate the greatest common factor of t and 1764.
42
Let d(q) = 3*q**2 + 132*q - 12. Let v be d(-46). Calculate the greatest common divisor of v and 6.
6
Suppose 3*b - 383 = 4*i + i, 4*b - 524 = 4*i. Let w = 2 - -7. Suppose -4*a = 0, -a + 136 = -5*z + w*z. Calculate the greatest common factor of b and z.
34
Suppose -2220 = 5*b - 2260. What is the highest common divisor of b and 2344?
8
Suppose 0 = 31*j - 35*j. Suppose j = -7*v + 6*v + 16. Calculate the greatest common divisor of v and 256.
16
Let w(p) = -5*p**2 + 88*p + 30. Let v be w(17). What is the highest common divisor of v and 54?
27
Let q(l) = l**3 - 30*l**2 + 131*l - 129. Let a be q(25). What is the greatest common factor of a and 497?
7
Suppose 16*i - 5*i - 18480 = 0. Suppose 0 = 25*b + 10*b - i. What is the highest common factor of 216 and b?
24
Let v(m) = 2*m**3 - 3*m**2 + 53*m - 240. Let p be v(5). Calculate the greatest common factor of 344 and p.
8
Let u = 180 + -175. Suppose -u*y = 2*b + 1, 3*y = -y - 5*b - 11. Calculate the highest common factor of y and 29.
1
Suppose -2*l - 5*a = 965, -4*l - 1759 - 159 = -2*a. Let q be (-2 - -4*8)*l/(-50). Calculate the greatest common divisor of 9 and q.
9
Suppose -1658 + 9840 = 269*j - 2847. L